 factors of 2942?
2, 1471
What are the prime factors of 8126?
2, 17, 239
List the prime factors of 766.
2, 383
List the prime factors of 5662.
2, 19, 149
List the prime factors of 32298.
2, 3, 7, 769
List the prime factors of 632.
2, 79
What are the prime factors of 121824?
2, 3, 47
What are the prime factors of 20514?
2, 3, 13, 263
List the prime factors of 680.
2, 5, 17
List the prime factors of 135589.
135589
What are the prime factors of 9025?
5, 19
List the prime factors of 25846.
2, 12923
What are the prime factors of 51621?
3, 17207
What are the prime factors of 18715?
5, 19, 197
What are the prime factors of 3442?
2, 1721
What are the prime factors of 2484?
2, 3, 23
What are the prime factors of 1969?
11, 179
What are the prime factors of 1167?
3, 389
What are the prime factors of 62?
2, 31
What are the prime factors of 2039?
2039
What are the prime factors of 71456?
2, 7, 11, 29
What are the prime factors of 32689?
97, 337
List the prime factors of 7441.
7, 1063
List the prime factors of 20738.
2, 10369
List the prime factors of 38971.
38971
What are the prime factors of 12856?
2, 1607
What are the prime factors of 2828?
2, 7, 101
What are the prime factors of 2635?
5, 17, 31
List the prime factors of 1411.
17, 83
List the prime factors of 1013.
1013
List the prime factors of 872.
2, 109
List the prime factors of 892.
2, 223
What are the prime factors of 97870?
2, 5, 9787
List the prime factors of 66913.
7, 11, 79
What are the prime factors of 956?
2, 239
What are the prime factors of 790?
2, 5, 79
List the prime factors of 74.
2, 37
What are the prime factors of 23?
23
What are the prime factors of 34250?
2, 5, 137
List the prime factors of 4497.
3, 1499
List the prime factors of 3454.
2, 11, 157
What are the prime factors of 1919?
19, 101
What are the prime factors of 903?
3, 7, 43
What are the prime factors of 3835?
5, 13, 59
List the prime factors of 5131.
7, 733
List the prime factors of 7936.
2, 31
What are the prime factors of 4323?
3, 11, 131
List the prime factors of 779.
19, 41
What are the prime factors of 7570?
2, 5, 757
What are the prime factors of 5096?
2, 7, 13
What are the prime factors of 3904?
2, 61
What are the prime factors of 74409?
3, 17, 1459
What are the prime factors of 527?
17, 31
List the prime factors of 6577.
6577
What are the prime factors of 44286?
2, 3, 11, 61
What are the prime factors of 2101?
11, 191
List the prime factors of 2144.
2, 67
List the prime factors of 259.
7, 37
List the prime factors of 120.
2, 3, 5
List the prime factors of 1745.
5, 349
What are the prime factors of 2061?
3, 229
List the prime factors of 2052.
2, 3, 19
What are the prime factors of 1108?
2, 277
What are the prime factors of 978?
2, 3, 163
List the prime factors of 919.
919
List the prime factors of 20317.
11, 1847
List the prime factors of 305.
5, 61
List the prime factors of 11638.
2, 11, 23
What are the prime factors of 542?
2, 271
What are the prime factors of 25326?
2, 3, 7, 67
What are the prime factors of 1509?
3, 503
List the prime factors of 6064.
2, 379
List the prime factors of 2208.
2, 3, 23
List the prime factors of 52583.
52583
What are the prime factors of 21177?
3, 13, 181
What are the prime factors of 39691?
19, 2089
List the prime factors of 78500.
2, 5, 157
List the prime factors of 1660.
2, 5, 83
What are the prime factors of 1043?
7, 149
List the prime factors of 15735.
3, 5, 1049
What are the prime factors of 408?
2, 3, 17
What are the prime factors of 79166?
2, 23, 1721
List the prime factors of 2176.
2, 17
What are the prime factors of 45079?
61, 739
What are the prime factors of 70600?
2, 5, 353
What are the prime factors of 5076?
2, 3, 47
What are the prime factors of 114168?
2, 3, 67, 71
List the prime factors of 5797.
11, 17, 31
List the prime factors of 4533.
3, 1511
List the prime factors of 20691.
3, 11, 19
List the prime factors of 7574.
2, 7, 541
List the prime factors of 38919.
3, 12973
What are the prime factors of 1665?
3, 5, 37
List the prime factors of 1118.
2, 13, 43
What are the prime factors of 17193?
3, 11, 521
What are the prime factors of 1779?
3, 593
What are the prime factors of 61775?
5, 7, 353
What are the prime factors of 309?
3, 103
List the prime factors of 8410.
2, 5, 29
List the prime factors of 2845.
5, 569
What are the prime factors of 8282?
2, 41, 101
List the prime factors of 194.
2, 97
List the prime factors of 421.
421
List the prime factors of 36090.
2, 3, 5, 401
List the prime factors of 25778.
2, 12889
What are the prime factors of 98984?
2, 12373
What are the prime factors of 3620?
2, 5, 181
What are the prime factors of 2489?
19, 131
List the prime factors of 677.
677
List the prime factors of 12274.
2, 17, 19
What are the prime factors of 11410?
2, 5, 7, 163
What are the prime factors of 106?
2, 53
List the prime factors of 855.
3, 5, 19
What are the prime factors of 25287?
3, 8429
What are the prime factors of 1288?
2, 7, 23
List the prime factors of 641.
641
What are the prime factors of 1591?
37, 43
List the prime factors of 22086.
2, 3, 409
What are the prime factors of 4135?
5, 827
List the prime factors of 20341.
20341
What are the prime factors of 13997?
13997
List the prime factors of 2870.
2, 5, 7, 41
What are the prime factors of 588?
2, 3, 7
What are the prime factors of 9765?
3, 5, 7, 31
What are the prime factors of 3411?
3, 379
What are the prime factors of 11127?
3, 3709
List the prime factors of 943.
23, 41
What are the prime factors of 7950?
2, 3, 5, 53
What are the prime factors of 463?
463
What are the prime factors of 8273?
8273
What are the prime factors of 1030?
2, 5, 103
What are the prime factors of 99136?
2, 1549
List the prime factors of 13325.
5, 13, 41
What are the prime factors of 16487?
16487
List the prime factors of 145.
5, 29
List the prime factors of 2006.
2, 17, 59
What are the prime factors of 2629?
11, 239
What are the prime factors of 99688?
2, 17, 733
What are the prime factors of 180?
2, 3, 5
What are the prime factors of 98?
2, 7
List the prime factors of 817.
19, 43
List the prime factors of 177961.
7, 25423
What are the prime factors of 4849?
13, 373
What are the prime factors of 1212?
2, 3, 101
List the prime factors of 1220.
2, 5, 61
What are the prime factors of 45960?
2, 3, 5, 383
List the prime factors of 49.
7
List the prime factors of 13823.
23, 601
What are the prime factors of 1938?
2, 3, 17, 19
List the prime factors of 1615.
5, 17, 19
What are the prime factors of 263?
263
List the prime factors of 63904.
2, 1997
What are the prime factors of 6808?
2, 23, 37
What are the prime factors of 147291?
3, 29, 1693
What are the prime factors of 46509?
3, 37, 419
What are the prime factors of 14108?
2, 3527
What are the prime factors of 7552?
2, 59
What are the prime factors of 76532?
2, 19, 53
List the prime factors of 1547.
7, 13, 17
List the prime factors of 2855.
5, 571
What are the prime factors of 3208?
2, 401
List the prime factors of 28085.
5, 41, 137
What are the prime factors of 881?
881
What are the prime factors of 55293?
3, 7, 2633
What are the prime factors of 30547?
11, 2777
What are the prime factors of 948?
2, 3, 79
What are the prime factors of 10?
2, 5
What are the prime factors of 20042?
2, 11, 911
What are the prime factors of 26899?
37, 727
What are the prime factors of 195?
3, 5, 13
What are the prime factors of 5392?
2, 337
List the prime factors of 408.
2, 3, 17
What are the prime factors of 12895?
5, 2579
What are the prime factors of 46726?
2, 61, 383
List the prime factors of 11289.
3, 53, 71
List the prime factors of 2512.
2, 157
What are the prime factors of 34484?
2, 37, 233
List the prime factors of 3921.
3, 1307
What are the prime factors of 25730?
2, 5, 31, 83
What are the prime factors of 651?
3, 7, 31
List the prime factors of 31644.
2, 3, 293
List the prime factors of 10309.
13, 61
List the prime factors of 121744.
2, 7, 1087
What are the prime factors of 555?
3, 5, 37
List the prime factors of 129549.
3, 7, 31, 199
List the prime factors of 6532.
2, 23, 71
What are the prime factors of 3532?
2, 883
List the prime factors of 28683.
3, 3187
What are the prime factors of 55997?
55997
List the prime factors of 19789.
7, 11, 257
List the prime factors of 1550.
2, 5, 31
What 